 = -0*q. Let k = q + -2. Suppose k*x + 6 = 5*g, -9*x = 5*g - 4*x - 20. Let i(y) = -3*y - 1. Determine i(g).
-7
Let d = 2 + 4. Let j be 9/2*d/(-9). Let r = -2 - j. Let k(m) = 5*m**2 - 1. Calculate k(r).
4
Let r(v) be the second derivative of -v**7/840 + v**6/360 - v**5/60 + v**4/12 - 7*v**3/6 + 7*v. Let c(m) be the second derivative of r(m). Determine c(2).
-6
Let l = 13 - 9. Let h(v) = 0 + 5 - l - v. Let o(i) = i**2 + 4*i + 4. Let x be o(-3). What is h(x)?
0
Let h(x) = -x - 8. Let p be h(-12). Suppose -g + 15 = -p*g. Let j(b) = 3*b + 5. Give j(g).
-10
Suppose 4*p = -2*r + 5 + 29, -p - 3*r = -1. Let k = p + -5. Let m = k + -5. Let w(i) = -i - 4. What is w(m)?
-4
Let c(o) = -o**2 - 6*o - 2. Suppose 0 - 21 = 3*j. What is c(j)?
-9
Suppose -2*t - t = -3. Let r be (3*t)/((-24)/16). Let j(b) be the third derivative of -b**5/30 - b**4/12 - b**3/3 + 2*b**2. Determine j(r).
-6
Suppose 1 = 3*l - 14. Let w(f) = f - 7. Let r be w(13). Let y(g) = -g**3 - r*g + 0*g**2 + 7 + 4*g**3 - 4*g**2 - 2*g**3. Give y(l).
2
Suppose x = -2*x - 3. Let l(t) = -t**2 + 2*t + 13. Let y be l(5). Let f = x + y. Let w(k) = k**3 + 3*k**2 + 2*k + 3. Determine w(f).
-3
Let b(f) = 3*f**2 + f. Let y = -1 + 0. Determine b(y).
2
Let k(x) be the third derivative of x**4/24 - x**3/3 - 2*x**2. Let d = -4 - -7. Suppose 3*p + n - 2*n = 0, -2*p = -d*n. Calculate k(p).
-2
Let q(x) = -x**3 + 6*x**2 - 2*x - 7. Let b(u) = 3*u - 5. Let f(c) = -c + 1. Let v(r) = -b(r) - 4*f(r). Let l be v(-7). Let g be (-32)/l - 3/9. What is q(g)?
8
Let q(w) be the third derivative of -w**6/120 + w**5/20 + w**4/6 - w**3/2 - w**2. Give q(4).
-3
Let y(c) = 15*c - 29. Let j(i) be the first derivative of -5*i**2/2 + 10*i - 3. Let o(l) = -17*j(l) - 6*y(l). What is o(3)?
-11
Let k(j) = j**3 + 3*j**2 + 2*j. Suppose 5*x = -2*s - 21, 4 + 14 = -5*x - s. Determine k(x).
-6
Suppose 4*m = -4 + 12. Suppose m*n - 4 = 6*n. Let r(l) be the third derivative of -l**6/24 + l**4/24 + l**3/6 - l**2. Calculate r(n).
5
Let h(q) be the first derivative of -5*q**2/2 + 2*q + 4. Determine h(2).
-8
Suppose 0 = 3*n - 4*n. Suppose n = -5*t - 5. Let q(k) = -4*k**3 + 2*k**2 - 1. Calculate q(t).
5
Let j(x) be the first derivative of -4*x**3/3 + x**2 + x + 5. Give j(-1).
-5
Let j(s) be the third derivative of -s**6/120 + s**5/12 - s**4/6 - s**3/6 - s**2 - 2*s. What is j(4)?
-1
Let b(r) = 4 - 2*r - 2 + r**3 - 1. Let d = 5 + -3. What is b(d)?
5
Let l = 21 + -16. Let q(y) = y**3 - 6*y**2 + 5*y - 6. Determine q(l).
-6
Let t(v) = v**3 - v**2 + v. Let l(y) = -y - 2. Suppose -3 = d - 0*d. Let w be l(d). Determine t(w).
1
Let h(d) be the third derivative of -d**6/120 - d**5/60 - d**4/24 + 13*d**3/6 + 7*d**2. Determine h(0).
13
Suppose 2*o + 27 = -3*x - o, 0 = -x - 3*o - 5. Let i = x + 12. Let b(v) = -6*v**2 + 1. Give b(i).
-5
Let f(t) = -t**3 + t - 7. Let m(r) = -r**2 + 13*r + 14. Let q be m(14). Calculate f(q).
-7
Let q(n) be the second derivative of n**4/3 + n**3/6 - n**2/2 - n. Suppose -t = t + 8. Let z be (3/(-6))/(2/t). What is q(z)?
4
Let v(o) = -3*o**3 + 7*o**2 - 4*o + 5. Let g(a) = -13*a**3 + 29*a**2 - 15*a + 20. Let z(j) = -2*g(j) + 9*v(j). Determine z(4).
-3
Let o(d) = -d**3 + 8*d**2 + 9*d - 6. Let y(p) = -p**3 + 20*p**2 + 20*p + 30. Let h be y(21). Determine o(h).
-6
Let m(w) = w**2 + 3*w. Let b be m(-4). Let p(i) = 2*i + 5*i - 4*i - b*i - 5. Calculate p(0).
-5
Suppose -65 = -5*o + 5. Let t be o/6 - 2/6. Let v(f) be the first derivative of -f**2 + 3*f + 11. What is v(t)?
-1
Let g(m) = -5 + 0 - m**3 + 0 - 5*m - 3*m**2 + 1. Calculate g(-3).
11
Let s(v) = v**3 + 4*v**2 - 8*v - 4. Let h(k) = k**2 - 12*k + 6. Let y be h(11). Give s(y).
11
Let g(w) = 3*w - 4. Let r be (-1)/2*(1 - -1)*5. Give g(r).
-19
Let u(p) = p**3 - 2*p**2 - 5*p + 2. Let s = 21 + -9. Suppose -v = -4*v + s. Let g = v - 1. What is u(g)?
-4
Let j(q) = q**2 - 3*q + 3. Let l be -2 - (1 + -3 + -2). Calculate j(l).
1
Let b(c) = 171*c - 3*c**2 - 9*c**3 + 2*c**2 - 170*c + 1. Suppose 4*m = 4*p - 20, -5*p = -3*m + 7*m - 16. Calculate b(m).
8
Let g(n) = -n - 1. Let i = 16 - 11. What is g(i)?
-6
Suppose 43*u + 35*u = -468. Let n(a) be the second derivative of a**5/20 + 5*a**4/12 - 4*a**3/3 - 2*a**2 + a. Give n(u).
8
Let j(p) = -8*p - 8. Let v(l) be the third derivative of 0*l + 2*l**2 + 0 + 1/6*l**3 + 1/24*l**4. Let q(b) = -2*j(b) - 18*v(b). Give q(-3).
4
Let n(r) = -2*r - 5. Let t = 82 + -88. What is n(t)?
7
Let t(i) be the first derivative of -2*i**3/3 - i**2 + i + 5. Let q be t(-2). Let y(a) be the second derivative of -a**4/12 - a**3/2 + 2*a**2 - a. What is y(q)?
4
Let i(f) = 14*f**2 + 2 + 0 + 23*f**2 - 33*f**2. Determine i(2).
18
Let c(l) = -l**2 + l + 4. Suppose 0 = 2*r + 2*r + 16. Determine c(r).
-16
Let g = -3 + 5. Let n(v) = 6*v**3 + 3 - 2 - g*v**3 - v**2. Suppose -10 = k - 3*k - 4*m, 0 = 2*k - 4*m + 6. Calculate n(k).
4
Let r be ((-8)/(-10))/((-2)/15). Let d(z) = -z**3 + 4*z**2 + 3*z - 3. Let s(f) = -2*f**3 + 7*f**2 + 5*f - 6. Let k(u) = r*s(u) + 11*d(u). What is k(-2)?
-3
Suppose -2 = -w + 2. Let l = 1 - w. Let d(h) be the first derivative of h**4/4 + h**3 - h**2/2 + 2*h - 1. Give d(l).
5
Let d(y) = -y**3 - 6*y**2 - 3*y + 2. Let z be ((-20)/6)/(2/3). What is d(z)?
-8
Let n(i) = -i + 2*i + 0*i. Let z(o) = -o + 7. Let d be z(0). Let v = 1 - d. Determine n(v).
-6
Let l(t) = -t**3 + 6*t**2 - 8*t - 1. Let h(v) = v - 1. Let i(y) = -3*h(y) - l(y). Suppose 4*g = -s + 5 + 16, 5*g + s = 26. What is i(g)?
4
Let f(y) = 5*y. Let r be (30/25)/((-3)/(-10)). Suppose -5*k - r = 6. Give f(k).
-10
Let s(r) = r**2 + 7 + 3*r**2 - 5*r**2 - 8*r + 2*r**2. Let v be (-1)/(-1 + (-20)/(-25)). Give s(v).
-8
Let f(c) = c - 2. Let a be f(7). Suppose -42 + 12 = -3*t. Suppose -v + 3 = -a*r, t*r = 5*v + 5*r - 15. Let l(m) = m**2 - 3*m - 1. Calculate l(v).
-1
Let c(t) be the third derivative of -t**4/12 + t**3/6 - 2*t**2. Let f be (2/(-4))/(2/(-8)). Suppose -1 = -f*b + 7. Determine c(b).
-7
Let d(l) = 13*l**2 - 26*l**2 + 7 - 7*l + 14*l**2. Determine d(6).
1
Suppose -3*s + 11 + 1 = -4*k, 6 = -2*s - 2*k. Let b(h) = -1 - 1 - 3 + 2*h**2 - h**2. Give b(s).
-5
Let o(g) = g**2 - g - 2. Suppose 4*w + 0*w = -5*v + 5, -v + 1 = 2*w. Determine o(w).
-2
Suppose 0 = -2*q - 5*s + 2, 8*s = 4*s. Let w(b) = b**2 - b. Let z(g) = -g**2 + 2*g. Let v(p) = -5*w(p) - 3*z(p). Determine v(q).
-3
Let f(r) = -r**3 - 2*r**2 + r. Let g be (-12)/36 + (-1 - 7/(-3)). Determine f(g).
-2
Suppose -5*a - 3*s = -13 - 16, -a + 5*s = 11. Suppose 0 = -a*k - 7 - 13. Let z(o) = -63*o**2 - 1 - 4*o - o**3 - 60*o**2 + 117*o**2. Determine z(k).
-6
Let t(o) = -5*o + 10 + o - 4*o**3 - 1 + 4*o**2. Let k(z) = -11*z**3 + 12*z**2 - 12*z + 26. Let a(u) = 3*k(u) - 8*t(u). Calculate a(4).
-10
Let v(j) = j**3 + 5*j**2 + j + 3. Suppose -9 - 23 = -4*t. Let q = 3 - t. Determine v(q).
-2
Let i(y) = y**2 - 2. Let w be (0/3 - -3) + -10. Let f(q) = q**2 + 6*q - 7. Let x be f(w). Determine i(x).
-2
Let z(h) be the first derivative of -1/2*h**2 + 1 + 3*h. Calculate z(5).
-2
Let f(u) = u**3 - u**2 + 1. Let p be 2/3 - (-14)/(-21). Calculate f(p).
1
Let u = -61 + 31. Let z = -29 - u. Let j(b) = 12*b**3 + 2*b**3 - b**3. What is j(z)?
13
Let h(u) be the second derivative of -1/2*u**2 + 0 + 1/3*u**3 + 5*u. Give h(3).
5
Let y(j) = -j**3 + 15*j**2 + 17*j - 14. Let d be y(16). Let q(i) = 3*i + 2. Give q(d).
8
Let t(s) = s - 8. Let y be (9 + 0 + -8)*10*1. Give t(y).
2
Suppose 3*y = 15, -2*r + 7*r = 5*y - 15. Let u(v) = -v + 3. Give u(r).
1
Let d(m) = 5*m**2 - 3*m + 1. Let q be (16/20)/((-4)/(-10)). Calculate d(q).
15
Let p(o) = o + 6. Let g be p(-3). Let s(a) = -7*a**2 - 2*a + 7. Let i(w) = 4*w**2 + w - 4. Let n(m) = g*s(m) + 5*i(m). Determine n(2).
-5
Let d = -1 - -2. Suppose -5*s = -d - 14. Let f(n) be the first derivative of -n**4/4 + n**3 - n**2 + 2*n - 2. What is f(s)?
-4
Let w(v) = v**3 + 6*v**2 - v - 4. Let y be (-14)/2 + (2 - 1). Give w(y).
2
Let d(v) = -v**2 - 4*v + 5. Let k be d(2). Let l(x) = -2*x**2 + 13*x + 11. Let j(s) = 3*s**2 - 25*s - 21. Let h(t) = 3*j(t) + 5*l(t). What is h(k)?
13
Let o = -3 - -6. Suppose -2*h + o*h + 5*w = -4, 0 = -4*h + 5*w - 16. Let f(z) = z**2 + 4*z - 2. Calculate f(h).
-2
Suppose 2*f = -0*f + 8. Suppose f*n + 20 = 0, -3*v - 16 + 44 = -2*n. Let k(w) = w**2 - 6 - 3*w + v*w + 5. Determine k(-3).
-1
Let a(d) = d**2 - 7*d + 1. Let b be a(6). Let f(n) = 